{"id":127,"date":"2021-04-26T02:35:27","date_gmt":"2021-04-26T02:35:27","guid":{"rendered":"http:\/\/jscaife.ca\/?page_id=127"},"modified":"2023-02-03T01:24:59","modified_gmt":"2023-02-03T01:24:59","slug":"bienvenue-a-mon-portfolio","status":"publish","type":"page","link":"http:\/\/jscaife.ca\/index.php\/fr\/bienvenue-a-mon-portfolio\/","title":{"rendered":"Bienvenue \u00e0 mon portfolio"},"content":{"rendered":"\n<div class=\"wp-block-media-text alignwide has-media-on-the-right is-stacked-on-mobile\" style=\"grid-template-columns:auto 30%\"><figure class=\"wp-block-media-text__media\"><img loading=\"lazy\" width=\"576\" height=\"1024\" src=\"http:\/\/jscaife.ca\/wp-content\/uploads\/2021\/05\/profile-576x1024.jpg\" alt=\"Profile picture\" class=\"wp-image-252 size-full\" srcset=\"http:\/\/jscaife.ca\/wp-content\/uploads\/2021\/05\/profile-576x1024.jpg 576w, http:\/\/jscaife.ca\/wp-content\/uploads\/2021\/05\/profile-169x300.jpg 169w, http:\/\/jscaife.ca\/wp-content\/uploads\/2021\/05\/profile-663x1180.jpg 663w, http:\/\/jscaife.ca\/wp-content\/uploads\/2021\/05\/profile.jpg 750w\" sizes=\"(max-width: 576px) 100vw, 576px\" \/><\/figure><div class=\"wp-block-media-text__content\">\n<p class=\"has-text-color has-larger-font-size\" style=\"color:#f02e90\">Jaime Scaife<\/p>\n\n\n\n<p>Je suis dipl\u00f4m\u00e9e d&#8217;un programme de conception graphique et Web \u00e0 la recherche d&#8217;am\u00e9liorer et explorer de nouvelles comp\u00e9tences tout en restant fid\u00e8le \u00e0 mes racines marketing.<\/p>\n\n\n\n<p>Mes passions comprennent l&#8217;essai de nouveaux types de cuisine, la photographie par reflex num\u00e9rique et par drone, les voyages touristiques et culturels, ainsi que l&#8217;art de la danse sous toutes ses formes.<\/p>\n\n\n\n<p>Cliquez sur \u00ab En savoir plus \u00bb pour d\u00e9couvrir mes comp\u00e9tences techniques et mon CV complet ou consultez les diff\u00e9rentes pages pour parcourir mon travail par cat\u00e9gorie.<\/p>\n<\/div><\/div>\n\n\n\n<div class=\"wp-block-buttons\">\n<div class=\"wp-block-button\"><a class=\"wp-block-button__link\" href=\"http:\/\/jscaife.ca\/index.php\/resume\/\">En savoir plus<\/a><\/div>\n<\/div>\n","protected":false},"excerpt":{"rendered":"<p>Jaime Scaife Je suis dipl\u00f4m\u00e9e d&#8217;un programme de conception graphique et Web \u00e0 la recherche d&#8217;am\u00e9liorer et explorer de nouvelles comp\u00e9tences tout en restant fid\u00e8le \u00e0 mes racines marketing. Mes passions comprennent l&#8217;essai de nouveaux types de cuisine, la photographie par reflex num\u00e9rique et par drone, les voyages touristiques et culturels, ainsi que l&#8217;art de la danse sous toutes ses formes. Cliquez sur \u00ab En savoir plus \u00bb pour d\u00e9couvrir mes comp\u00e9tences techniques et mon CV complet ou consultez les diff\u00e9rentes pages pour parcourir mon travail par cat\u00e9gorie.<\/p>\n","protected":false},"author":1,"featured_media":0,"parent":0,"menu_order":0,"comment_status":"closed","ping_status":"closed","template":"","meta":{"_monsterinsights_skip_tracking":false,"_monsterinsights_sitenote_active":false,"_monsterinsights_sitenote_note":"","_monsterinsights_sitenote_category":0,"spay_email":""},"aioseo_notices":[],"_links":{"self":[{"href":"http:\/\/jscaife.ca\/index.php\/wp-json\/wp\/v2\/pages\/127"}],"collection":[{"href":"http:\/\/jscaife.ca\/index.php\/wp-json\/wp\/v2\/pages"}],"about":[{"href":"http:\/\/jscaife.ca\/index.php\/wp-json\/wp\/v2\/types\/page"}],"author":[{"embeddable":true,"href":"http:\/\/jscaife.ca\/index.php\/wp-json\/wp\/v2\/users\/1"}],"replies":[{"embeddable":true,"href":"http:\/\/jscaife.ca\/index.php\/wp-json\/wp\/v2\/comments?post=127"}],"version-history":[{"count":10,"href":"http:\/\/jscaife.ca\/index.php\/wp-json\/wp\/v2\/pages\/127\/revisions"}],"predecessor-version":[{"id":341,"href":"http:\/\/jscaife.ca\/index.php\/wp-json\/wp\/v2\/pages\/127\/revisions\/341"}],"wp:attachment":[{"href":"http:\/\/jscaife.ca\/index.php\/wp-json\/wp\/v2\/media?parent=127"}],"curies":[{"name":"wp","href":"https:\/\/api.w.org\/{rel}","templated":true}]}}